**3 + 3*r**2 - 25*r + 15. Let d(f) = 7*q(f) - 6*w(f). What is d(0)?
8
Let v(u) = 0*u + 8*u - 2*u + 1 + 4 - 5*u. What is v(0)?
5
Let p(d) = -d**2 + d + 7. Let t(j) = -2*j + 39. Let k be t(18). What is p(k)?
1
Let v = -51 - -43. Let j be ((-11)/(-7) + v/14)*0. Let p(u) = u**2 + 6. Determine p(j).
6
Let o(t) = 5*t - 7*t**2 + 4 + 3 + 3*t - t**3 + 1 + 2. Determine o(-8).
10
Let h(w) = -w - 3. Let i(j) = 4*j + 8. Let c(s) = -4*s - 7. Let l(k) = -7*c(k) - 6*i(k). Let t be l(-1). Determine h(t).
0
Suppose 18*n + 85 - 13 = 0. Let s(x) be the first derivative of -x - x**2 + 0*x + 1 - 4*x. Give s(n).
3
Let m(k) = k**3 + 10*k**2 + k + 6. Let t be 2/(-6)*(-2 + 35). Let o(y) = 2*y**3 + 19*y**2 + y + 12. Let u(f) = t*m(f) + 6*o(f). Calculate u(-5).
6
Suppose -v = 3*t - 23 - 12, -v - t + 25 = 0. Let p(x) = -x**2 + 20*x. Let k be p(v). Let n(c) = c**3 + c**2 - c + 6. Determine n(k).
6
Let h(q) be the second derivative of -q**3/6 + 7*q**2 + 30*q. Suppose g = -4*j + 56, 3*g = 5*j + 13 - 66. Let b = j - 7. What is h(b)?
8
Let g(k) = 2*k**2 + 9*k + 2. Let z(i) = -6*i**2 - 10*i - 6. Let q(j) = -j**2 - j - 1. Let n(m) = 5*q(m) - z(m). Let b(c) = 2*g(c) - 5*n(c). Calculate b(-7).
-1
Let v(k) = -4*k**2 + 3*k**2 - 22*k + 2 - 5*k + 26*k. Give v(2).
-4
Let n(m) = -4 + 2*m - 6 + 3. Suppose -3*d + 4 = -2*z - 43, -z + 3*d - 16 = 0. Let t = -26 - z. Calculate n(t).
3
Let k(s) = 8*s**3 + 5*s**2 + 3*s + 7. Let d(q) = 7*q**3 + 4*q**2 + 2*q + 6. Let z(h) = -7*d(h) + 6*k(h). What is z(-2)?
8
Let n(a) be the first derivative of -a**4/12 - a**3/6 - 8*a**2 - 20. Let w(g) be the second derivative of n(g). Calculate w(1).
-3
Suppose -4*a + 14 = t, 2*t = -t + 5*a - 26. Let q(w) = -w + 1. Let b(x) = -2*x + 3. Let l be (-3)/(-3*(-1)/3). Let f(o) = l*q(o) + b(o). Calculate f(t).
-2
Let k(o) = -49*o + 2. Let v(h) = 7*h - 2. Let y(a) = k(a) + 6*v(a). Calculate y(-3).
11
Let y(o) = -7*o + 8*o**2 - 3 - o**2 + 9*o**2 - 17*o**2. Calculate y(-7).
-3
Let h(m) = 7*m**2 - 48*m - 4. Let s be h(7). Let u(o) = o**2 - 5*o + 2. What is u(s)?
-4
Suppose 0 = -5*c - 2 - 8. Let v(s) = -s**3 + 6*s**2 - 5*s + 4. Let x be v(5). Let n(b) = 3*b + x*b - 20*b**2 - 9*b + 18*b**2. Give n(c).
-4
Let h = 32 - 25. Let y(u) = -4 - 9*u + 3 + h*u. What is y(-2)?
3
Let w(a) = -1. Let x(p) = -2*p**2 + 2*p + 6. Let b = 8 + -3. Let r(t) = b*w(t) + x(t). Suppose 114*z + 6 = 117*z. What is r(z)?
-3
Let j(z) = -3*z**2 + 4*z - 2. Let t = -69 + 51. Let f(u) = u**3 + u - 20. Let c be f(0). Let b = t - c. What is j(b)?
-6
Let z(c) be the second derivative of 5*c**3/2 + c**2 + 98*c. Calculate z(2).
32
Suppose 2*r - 10 = 2*k - 2, -4*r = 16. Let l be k/6*(2 - 5). Let f(w) = l - 1 + w**2 + 0 + 5*w - 2. Determine f(-2).
-5
Let b = 3 + -18. Let c be 4 + 0 + 1 - 27. Let n = b - c. Let k(q) = -q**3 + 8*q**2 - 9*q + 7. Give k(n).
-7
Let l(q) be the first derivative of q**4/4 - 5*q**3/3 + 5*q - 103. Calculate l(5).
5
Let l = -8 + 13. Let z(m) = 5*m + 0*m**2 - 5 - l*m**2 + m + m**3. Suppose -5*g = -0*g - 3*r - 23, -5*g - r = -19. Determine z(g).
3
Let l(o) = o**2 - o + 6. Let s be l(5). Let x be (-18)/4 + (-13)/s. Let f(h) = 0*h - 1 - 5*h - 3*h - 5 - h**2. Give f(x).
9
Let t(b) = b**3. Let s(u) = 2*u**3 + 15*u**2 + u + 17. Let m(k) = -s(k) + t(k). Let p be m(-15). Let o = 4 - p. Let n(y) = -2*y + 9. Determine n(o).
-3
Let f(j) = 6*j**3 - j - 1. Let x be (1 - 12)*-1*2. Let c = -11 + x. Let n(y) = -y**3 + 10*y**2 + 12*y - 12. Let p be n(c). Calculate f(p).
-6
Suppose -27 = -3*z + 3*q, 6 = 2*z + q + q. Let m(g) = -7 + 2*g + g**3 + 0*g + 4*g**2 - 10*g**2. Let c be m(z). Let b(p) = -p**2 + 5*p - 6. Determine b(c).
-6
Let q be 0 + (-2 - -3) - 4. Let o be q - (-2 + 3)*-1. Let z(i) = -2*i - 1. What is z(o)?
3
Let h(s) be the third derivative of -s**7/2520 + s**6/90 - 7*s**5/120 - 3*s**4/2 - 40*s**2. Let o(w) be the second derivative of h(w). What is o(8)?
-7
Let h(x) be the second derivative of -x**5/20 - x**4/3 + 2*x**2 + 2*x. Let a = 12 - 14. Let c be 4 + (-9 - (a - 0)). What is h(c)?
-5
Suppose 9 - 24 = -3*v. Suppose -v*y + 0*o + 10 = o, -6 = -3*y + o. Let z(q) = 4*q + 1 + 4*q - 22*q**2 + 23*q**y. What is z(-6)?
-11
Suppose -4*c = -2*i + 58, 62 = 3*i - 2*c - 21. Let l(m) = -2*m - i + 23 + m. What is l(0)?
-4
Let r(q) = 10*q**3 - 9*q**2 - 3*q + 10. Let w(b) = 3*b**3 - 3*b**2 - b + 3. Let y(n) = -2*r(n) + 7*w(n). What is y(3)?
-2
Suppose 0 = -2*j + j, -g - 5 = j. Let k = 5 + g. Let l(h) = h**3 + h**2 - h - 1. Determine l(k).
-1
Let z(j) = -2*j**2 - 1. Let u(t) = t**3 + 9*t**2 + 4*t + 4. Let o(w) = -u(w) - 2*z(w). Determine o(-3).
-8
Let w(d) = d**2 + 11*d - 3. Suppose 0 = 4*j + 2*l + 44, -3*j + 5*l = -5*j - 14. What is w(j)?
9
Let k(h) = 5 + 2*h - 4*h - 3*h + h. Let o(a) = -9*a + 11. Let f = -12 - -5. Let u(v) = f*k(v) + 3*o(v). Calculate u(6).
4
Let a(k) be the third derivative of 11*k**6/120 + k**4/24 + k**3/6 + 500*k**2. What is a(-1)?
-11
Let z be 20/10 - 7*1. Let q(h) be the first derivative of -h**2 - 7*h + 18. Let w be q(z). Let y(k) = k**3 - k**2 - 4*k + 3. What is y(w)?
9
Let j(r) be the second derivative of r**4/6 + r**3 - 5*r**2/2 + r. Let h = -903 + 898. Determine j(h).
15
Let i(b) be the second derivative of b**4/2 - b**3/6 - b**2 + 167*b. What is i(-2)?
24
Let k(g) be the first derivative of -1/12*g**4 - 3/2*g**3 - 10 - 6*g - 4*g**2. Let r(d) be the first derivative of k(d). Give r(-7).
6
Let g(s) be the third derivative of s**4/8 - s**3/2 - 2*s**2 + 133. Determine g(4).
9
Let i(u) = u**2 + u - 6. Let h be 4/6 + (-340)/(-12). Suppose 4*q = -3*b - h, 4*b - 3*q - 13 = 2*q. Let n be i(b). Let g(j) = -j**3 + j - 3. What is g(n)?
-3
Let c(f) be the third derivative of -1/3*f**3 - 1/12*f**4 + 0*f + 6*f**2 + 0 + 1/30*f**5 - 1/120*f**6. Determine c(2).
-6
Let p be -3 + 22 + (2 - 1). Let a be p/2 + (4 - 5). Suppose 8*b = a*b + 2. Let n(l) = l**2 + 5*l + 3. Determine n(b).
-3
Suppose 0 = 3*j + 3*p + p - 10, 4*j + p = -4. Let a(r) = 3*r - 2. Give a(j).
-8
Suppose 3*c + 32 = 7*p - 6*p, 0 = -2*c + p - 23. Let h(v) = -v**3 - 8*v**2 + 9*v + 9. Give h(c).
9
Let w(z) be the first derivative of 4*z**3/3 - z + 54. Give w(1).
3
Let q(s) be the third derivative of -s**5/60 + s**4/4 + s**3/2 + 3*s**2. Suppose -4*n + 239 - 211 = 0. Calculate q(n).
-4
Let c(b) = b**2 + 10*b - 4. Let p be c(6). Suppose -4*i + p = 80. Let l(m) = m**3 - 2*m**2 - 3*m + 1. Give l(i).
1
Let b(j) = 6*j**2 + 6*j - 1. Let x(d) = 24*d**2 + 26*d - 4. Let w(q) = -9*b(q) + 2*x(q). Let y = 3 + -2. Determine w(y).
-7
Let l(f) be the second derivative of -f**5/60 + 5*f**4/12 - 5*f**3/6 - 2*f**2 + 6*f. Let s(r) be the first derivative of l(r). Give s(9).
4
Let d(m) = 7 + 4*m - 4 + 6*m + 2*m**2 - 15*m. What is d(4)?
15
Suppose 2*t + 2*t = 3*z - 6, 4*z - 8 = -3*t. Suppose t = 4*f - 4, -i - 2 = -5*f + 5. Let m(b) = -b**3 - b**2 + b + 1. Determine m(i).
3
Suppose 35*z + 14 = -21. Let x(r) = -7*r + 4. Let i(o) = -7*o + 5. Let j(w) = 3*i(w) - 4*x(w). Calculate j(z).
-8
Let f(g) = g**3 + 10*g**2 + 10*g + 11. Let k be f(-9). Suppose -r - 11 = -5*v, 4*r - 3*v + 44 = k*v. Let j(m) = -m - 10. Calculate j(r).
1
Suppose 0 = -3*g - 5*k - 12, -8 = g + 5*k - 14. Let u(w) = w + 10. What is u(g)?
1
Let m(c) = -5*c - 53. Let z be m(-10). Let b(o) = o**2 - 2*o - 4. Determine b(z).
11
Let c(t) be the first derivative of -t**5/30 - t**4/8 + t**3/3 + 3*t**2 + 7. Let b(f) be the second derivative of c(f). What is b(-4)?
-18
Let y(c) be the first derivative of 4*c - 14 + 4*c**2 - 7/3*c**3 - 1/4*c**4. Calculate y(-8).
4
Let x(t) = 3*t**3 - 19*t**2 - 7*t - 33. Let k(r) = -4*r**3 + 21*r**2 + 8*r + 32. Let u(b) = -4*k(b) - 5*x(b). Give u(-11).
4
Let q(b) be the first derivative of -b**6/120 + b**5/10 - b**4/8 - b**3 - 31*b**2/2 + 15. Let g(w) be the second derivative of q(w). Determine g(5).
4
Let m(l) be the second derivative of l**4/12 + 7*l**3/6 + 9*l**2/2 - 18*l. Let y be 3 + -6*(-6)/(-4). Calculate m(y).
3
Let z(f) = -f**2 - 11*f - 9. Suppose 30 = -47*y + 44*y. Calculate z(y).
1
Let n(g) = 3*g**2 + 10*g - 5. Let h(w) = 7*w**2 + 22*w - 10. Let x(u) = -2*h(u) + 5*n(u). Calculate x(4).
35
Let f = 21 - 15. Let n(q) = -q**3 - 2*q**2 + 3*q + 8. Let o(s) = s**3 - 2*s - 8. Let a(r) = -3*n(r) - 4*o(r). Give a(f).
2
Let u(v) = -v**3 - 7*v**2 - 5*v - 6. Suppose 43*y = 45*y - 8. Suppose -10 = 2*t - o, -7 - 23 = y*t + 3*o. D